ed by m?
133
Suppose 127*b - 139*b = -276. What is the remainder when 206 is divided by b?
22
Let x be -822*5/20*-2. Suppose -9*p = -102 - x. Calculate the remainder when 107 is divided by p.
50
Let a be -2 + 0 + -3 + 61. Suppose 0 = -7*h - a + 1078. Calculate the remainder when h is divided by 37.
35
Let j(s) = -124*s - 6709. What is the remainder when j(-55) is divided by 38?
35
What is the remainder when 7448 is divided by (-25785)/573*(-5)/(50/12)?
50
Suppose 2*l = -4 - 2. Let q be -3 - -4 - 15/(-2 - l). Let k = q + 25. Calculate the remainder when 43 is divided by k.
10
Let l(g) = -3*g - 19. Suppose b - 5*a = 10, 2*b + a + 4*a = -25. Let q be l(b). What is the remainder when 18 is divided by q/(-5 + 16/4)?
2
Suppose 2*c - 24 = -10*q + 14*q, -12 = 2*q - 2*c. Calculate the remainder when 14192/80 - q/(-15) is divided by 36.
33
Let n be 100/(-15)*54/4. Let y = n + 107. Let s(z) = 29*z + 1. Calculate the remainder when s(1) is divided by y.
13
Suppose -8*b - 2*b + 250 = 0. Suppose 0 = 8*c + 9 - b. What is the remainder when (-13)/(-26) - (c + (-87)/2) is divided by 4?
2
Suppose 75 = 6*c + 6 + 27. What is the remainder when 22 is divided by c?
1
Let k(a) = 41*a + 5. Let v be k(-6). Let n = -22 - v. Suppose -4*j = b - 67, 0 = -131*b + 130*b - 1. What is the remainder when n is divided by j?
15
Suppose 22*b - 28*b + 50*b - 11748 = 0. Calculate the remainder when b is divided by 139.
128
Let y(m) = m**3 - 37*m**2 - 26*m + 383. What is the remainder when y(38) is divided by 267?
38
Suppose -5*s + 25*n - 30*n + 5390 = 0, 2*s - 2161 = -n. Calculate the remainder when s is divided by 1078.
5
Let s(y) = 2*y**2 + 14*y + 36. Let f = 307 - 315. What is the remainder when 207 is divided by s(f)?
51
Let c(i) be the third derivative of 5*i**4/24 - 2*i**3/3 - 14*i**2. Let x be c(-1). Calculate the remainder when (-200)/x - 2/9 is divided by 6.
4
Let s = -71 - -59. Let r = 68 - 30. What is the remainder when r is divided by (86/6 - 1) + (-8)/s?
10
Let d = -108 - -72. Let c = 34 + d. Calculate the remainder when (-1651)/13*c/2 is divided by 32.
31
Suppose i + 5*s = 105, i + s = 103 - 18. Suppose 41*o - 36*o = i. Calculate the remainder when 27 is divided by o.
11
Let g = -3190 + 3389. What is the remainder when g is divided by 67?
65
Let z be (4/3)/(-5 + (-9412)/(-1884)). Let u = 341 + z. Calculate the remainder when u is divided by 12.
3
What is the remainder when 1088 is divided by ((-52)/(-8) - 5)/((-1)/(-178))?
20
Suppose 437 = 20*n - 8623. What is the remainder when n is divided by 19?
16
Suppose -2*v + 11 = -v. Suppose 10*u + 346 = -294. Let z = 84 + u. Calculate the remainder when z is divided by v.
9
Suppose 27 = -2*y - 13. Let t(w) = -w**3 - 20*w**2 + 5*w - 12. Let a be t(y). Let f = a + 125. What is the remainder when 103 is divided by f?
12
What is the remainder when 55 is divided by (-4*(-3)/4)/((-5)/(-75))?
10
Suppose 80*t = -37*t + 111618. What is the remainder when t is divided by 37?
29
Suppose 14*f = 16*f - 3*a + 636, -4*f = 3*a + 1254. Let k = 356 + f. Calculate the remainder when 243 is divided by k.
38
Let s(f) = -10 + 8*f - 2 - 3*f - 1. Calculate the remainder when s(5) is divided by 4.
0
Let n(q) = -209*q - 5976. What is the remainder when 102 is divided by n(-29)?
17
Suppose -4 = 4*l - 8, 3*f + l = 16. Suppose -f*v + 4 + 6 = 0. Suppose 102 + 0 = v*b. Calculate the remainder when b is divided by 13.
12
Let v(y) = -21*y**3 - 3*y**2 - 4*y - 2. Let h be v(-1). Suppose -3*g + h = 2*g. Calculate the remainder when 13 - (g + (-3 - 1)) is divided by 7.
6
Suppose -3*t = 21*t - 192. Suppose t = -k + 2*k. What is the remainder when 14 is divided by k?
6
Suppose -4*w - 351 = -7*w. Suppose w = 2*b + b. Suppose 2*x + 5*v = 315, x - 5*x + 616 = -4*v. Calculate the remainder when x is divided by b.
38
Calculate the remainder when -179 + 177 - (0 + -27) is divided by (-10)/4*18/(-5).
7
Let d(b) = b**2 + 47*b + 402. Calculate the remainder when 971 is divided by d(-7).
117
Let m(l) = -l**3 + 40*l**2 - 320*l + 39. What is the remainder when 3646 is divided by m(29)?
6
Let y(d) = 18*d - 248. Let n be y(14). Suppose -14*u - 2*t = -17*u + 183, -12 = n*t. Calculate the remainder when u is divided by 21.
17
Let z be 4/8 - (-1)/(-2). Suppose -3*n + 119 - 5 = z. Let o = 21227 - 21039. What is the remainder when o is divided by n?
36
Suppose 20*l + 10 = 22*l. Suppose 49 = 36*g - 34*g - 3*t, 3*g + l*t = 26. Calculate the remainder when 28 is divided by g.
11
Suppose 8*x + 13 = 37. Suppose 6*k = k + 3*z - 230, -x*z + 15 = 0. Let g = k - -76. Calculate the remainder when 130 is divided by g.
31
Let z = 122 + -41. Suppose 38*d - 8*d = 442 + 218. What is the remainder when z is divided by d?
15
Let s = -68 - -48. Let f = s - -91. Calculate the remainder when 212 is divided by f.
70
Let k be 18*(3 - (-56)/(-24)). Suppose -23*o + k*o + 253 = 0. What is the remainder when 111 is divided by o?
19
Let w = -144 - -141. What is the remainder when 62*(-1 - w*(-3)/(-6)) is divided by 8?
7
Let c(i) = -2*i**2 + 21*i + 42. Let a(w) = -2. Let t be 1/(-5) + 44/(-5) + 3. Let n(u) = t*a(u) - c(u). What is the remainder when n(14) is divided by 19?
11
Let z be (-1602)/42 - (2 - 30/14). Calculate the remainder when (-7 + -1)/(10/(-155)) is divided by (-1220)/z + (-10)/95.
28
Suppose -2*s = 2*s - 12. Suppose -i - s*i = -36. Suppose 0 = -27*j + 22*j + 16*j - 165. Calculate the remainder when j is divided by i.
6
Suppose -7*l + 31*l - 116584 = -52*l. Calculate the remainder when l is divided by 218.
8
Let b = 2882 + -2835. Calculate the remainder when 561 is divided by b.
44
Calculate the remainder when 4/(-18) + (-9464)/(-63) is divided by 4/(-2)*1 - (-25 + 10)*2.
10
Suppose 7*l + 517 = -512. Let f = -114 - l. What is the remainder when 94 is divided by f?
28
Suppose -86*j = 50*j - 36*j - 1200. Calculate the remainder when 286 is divided by j.
10
Suppose c + v - 31 = 0, 0*c = -2*c - 4*v + 60. Let t be c - (-2)/((-6)/(-9)). What is the remainder when (-2178)/(-15) + 28/t is divided by 49?
48
Let c(z) = -2*z**2 - 1 + 7*z + 9 + 4*z. Suppose 0 = 28*y + 7*y - 70. What is the remainder when c(6) is divided by y?
0
Suppose -6*p - 86 = -11*p + 44. What is the remainder when 39 is divided by p?
13
Let i(h) = -35*h - 300. What is the remainder when 361 is divided by i(-11)?
21
Suppose 1181278 + 749 = 479*r - 6*r. Calculate the remainder when r is divided by 48.
3
Suppose -934 - 484 = -2*m. Suppose 7*z = -163 + m. Calculate the remainder when z is divided by 42.
36
Suppose 62482 = 151*w - 5015. Calculate the remainder when w is divided by 134.
45
Let b = -423 + 664. Suppose 5 = -5*n + 65. Calculate the remainder when (b - 7)/3 - -3 is divided by n.
9
Let l be (0 - 3) + 1 - (1 + -5). Suppose -32 = l*j + 6*j. What is the remainder when 154 is divided by 24/j + 4 - (-41 + 0)?
37
Suppose 17*r - 18*r + 16 = 0. Suppose 104 + 76 = 4*c. Calculate the remainder when c is divided by 32*(-7 + 120/r).
13
Suppose 9*q + 65 = 22*q. Suppose 118 = q*c - j, 7*c - 152 = -0*j - 3*j. What is the remainder when c is divided by 2?
1
Let g(q) = -3*q - 29. Let j be g(-11). Suppose 9*y - j = 13*y, -2*f + 59 = y. Calculate the remainder when f is divided by 16.
14
Let x = -388 + 403. Suppose -x*l + 104 = -2*l. Let u(j) = 2*j**2 - 10*j + 10. What is the remainder when u(7) is divided by l?
6
Let l(d) = -d**2 - 3*d + 6. Let j be l(-4). Let s(y) = 71 - y**j - 28*y + 36*y - 37*y. What is the remainder when s(-29) is divided by 19?
14
Let y = 6718 + -6577. Calculate the remainder when 497 is divided by y.
74
Let g be -13*(-8)/(-3)*6/(-1). Let m = g + -104. Calculate the remainder when 26/m - (-382)/8 is divided by 21.
6
Let m(h) = -111*h + 561. Suppose 3*n - 3 - 6 = -p, -5*n - 13 = -3*p. Calculate the remainder when p is divided by m(5).
0
Let i(y) = 11*y - 78. Let n be i(6). Calculate the remainder when 0*3/n - -446 is divided by 45.
41
Let l(d) = -d**2 - 11*d + 4. Suppose 4*h = -0*h - 96. Let n = h + 30. Calculate the remainder when l(-9) is divided by n.
4
Suppose -6*p - 692 = -2541 - 1787. Calculate the remainder when p is divided by 103.
91
Suppose 5351 = 75*z - 799. Let m = 58 - 33. What is the remainder when z is divided by m?
7
Let w(d) = 151*d - 258. Calculate the remainder when 527 is divided by w(2).
43
Calculate t